hest common factor of 54 and o.
27
Suppose 5*n - 97 = 3*y, 0*y = y - 1. What is the greatest common divisor of n and 90?
10
Suppose n = -4*x + 6, -n + x = 2*x - 12. Let j be (3/(-3))/((-1)/6). Suppose -5*t = -l - 1, -3*l + j + 33 = -t. What is the highest common factor of n and l?
14
Suppose 2*d + 42 = 3*d. What is the highest common divisor of d and 21?
21
Let j = 100 - 94. What is the highest common divisor of 9 and j?
3
Let w(g) = -g**2 + 2*g - 1. Let n be w(1). Suppose n = -3*x - 3 + 15. Let h be ((-8)/6)/(1/(-15)). Calculate the greatest common divisor of h and x.
4
Let f = 483 + -343. Calculate the highest common divisor of f and 10.
10
Suppose y = -5*l + 4*l - 3, 0 = -l + 3*y + 17. Let a = 1 + l. Suppose -t + 3 = -0. Calculate the greatest common factor of t and a.
3
Let o = -13 + 5. Let p = 11 + o. What is the greatest common factor of p and 1?
1
Let f = 1 - -2. Suppose -f*i - 3 + 15 = 0. Let m(u) = u + 36. Let q be m(0). Calculate the highest common factor of q and i.
4
Let j = 24 + -27. Let n be (-1)/(j/48) - 2. Calculate the greatest common factor of n and 28.
14
Suppose 5*s - 6 - 23 = 4*f, -3*s + f = -23. What is the greatest common factor of s and 117?
9
Let s(i) = -4*i**3 + 3*i**2 + 4*i + 6. Let x be s(-2). What is the highest common factor of x and 28?
14
Suppose -3*y - q + 15 = -4*q, 0 = -3*q - 6. Suppose 5*n + 3*a = y, 0 = -0*n - 2*n + 2*a + 14. What is the highest common factor of n and 21?
3
Suppose -p - 3*y - 13 = y, 0 = p + 2*y + 5. Suppose -3*h - 5*v = h - 69, 2*h = -v + 39. What is the greatest common divisor of p and h?
3
Let r(i) = -14*i - 8. Let v be r(-7). Suppose -t + v + 100 = -2*m, 5*t = 4*m + 380. Let y = m + 170. What is the greatest common factor of y and 30?
15
Let j(x) = -8*x - 3. Let s be (-3 - -1) + -2 + 2. Let k be -3 - 1*0/s. Let n be j(k). Calculate the greatest common factor of 7 and n.
7
Suppose 9*k - 68 = 5*k. Let c(p) = p**2 - p - 3. Let w be c(-4). What is the greatest common factor of k and w?
17
Suppose 0 = -2*f - 2*n + 8, 4*f - 6*f + 4*n + 2 = 0. Suppose -f = y - 18. Let j = -178 - -298. Calculate the highest common divisor of y and j.
15
Let i = 75 - 58. Let b(r) = 2*r**2 - r + 2. Let h = 16 - 10. Let p be b(h). What is the highest common factor of i and p?
17
Let l be 6*3/((-6)/(-5)). Suppose 78 - 258 = -6*q. Calculate the greatest common divisor of q and l.
15
Let i(q) = q**3 + 3*q**2 - 5*q - 1. Let v be i(-4). Suppose -v*c = -0*c - 63. What is the highest common factor of 3 and c?
3
Suppose -5*g = -5*c + 195, -3*g + 3 = -4*g. Calculate the greatest common divisor of c and 90.
18
Let b be (0 - -1)/((-2)/(-10)). Let w be (-6)/b*50/(-15). Calculate the greatest common divisor of 4 and w.
4
Let k = -2 - -3. Let r = k + -1. Let o(b) = -b**3 + b + 92. Let l be o(r). What is the greatest common divisor of l and 23?
23
Suppose 23*i = 25*i - 252. What is the greatest common divisor of 18 and i?
18
Suppose -5*p = 20, 0 = -5*s + 2*s + p + 124. Suppose 0 = -3*a + 3, -2*o + 0*a + 17 = a. Calculate the greatest common divisor of s and o.
8
Let b = 124 - 26. Let o be 1 + -1 + 2 + 12. Calculate the highest common divisor of o and b.
14
Let s(w) = -w**2 + 19*w + 57. Let m be s(21). What is the greatest common divisor of 75 and m?
15
Let s = -53 + 181. Suppose z - s = -5*x - 2*z, -3*z - 124 = -4*x. Calculate the highest common divisor of 70 and x.
14
Let h be (-4)/(4/(-5)) - 1. Suppose 6 = h*u - 3*a, 3*a - 3 = -4*u - 9. Suppose -18 = -u*r - 3*r. Calculate the highest common divisor of 12 and r.
6
Suppose 2*c - 5 = w, -5*c + 13 + 4 = 2*w. Suppose -5*v - 6 = 2*q - 1, 2*v + 6 = 0. What is the highest common factor of w and q?
1
Let k(z) = z**2 - 5*z - 11. Let q be 52/6 - (-6)/(-9). Let v be k(q). Suppose -3*s + 397 = v. Calculate the greatest common divisor of s and 16.
16
Let o(z) = 3*z + 6. Let v be o(7). What is the greatest common divisor of v and 243?
27
Let l be -40*(72/(-10))/(-3). Let n be (l/9)/((-2)/18). What is the highest common divisor of n and 12?
12
Let o be 1*16/4 - -32. What is the greatest common divisor of o and 9?
9
Let z(d) = -3*d - 9. Let x be z(-4). Calculate the greatest common divisor of 21 and x.
3
Let t(m) = m**3 + m**2 - 5*m - 2. Let q be t(4). Let b = q + -34. Let x(h) = 10*h**2 - 3*h + 2. Let v be x(2). Calculate the greatest common divisor of b and v.
12
Suppose 3*f = f + 18. Calculate the highest common factor of 72 and f.
9
Suppose -13 = -4*m - 4*a + 3, 2*m = a + 8. Suppose w = m*x + 40, 13 = 2*w + 2*x - 67. Let j = 18 + -8. Calculate the highest common factor of w and j.
10
Let b(r) = -r**2 - 16*r - 6. Let z be b(-15). Calculate the highest common factor of 18 and z.
9
Let z = -22 - -30. What is the greatest common factor of z and 24?
8
Let y(s) be the third derivative of 5*s**4/24 - 3*s**3/2 - 8*s**2. Let u be y(5). Calculate the greatest common divisor of u and 4.
4
Suppose -y + 102 = 4*u - 4*y, -92 = -4*u - 2*y. Let z(w) = -w**2 - 27*w + 6. Let m be z(-18). Calculate the greatest common factor of u and m.
24
Suppose 72 = -u + f, 4*f - 44 = u + 19. Let b = u + 138. Suppose d - 2*d = -7. Calculate the highest common factor of d and b.
7
Let g be (40/3)/((-10)/(-30)). Calculate the highest common divisor of 100 and g.
20
Let c(w) = 23*w**2 - 1. Let k be c(1). Let j = -3 - -2. Let f be (-2)/2 - (j + -55). Calculate the highest common factor of k and f.
11
Let h(d) = 22*d**2 - d. Let w be 18/(-4)*6/(-9). Let q = w + -4. Let k be h(q). What is the highest common factor of k and 115?
23
Let h be 113 - (0 + -1 - -4). Let p(o) = 5*o + 10. Let z be p(8). Suppose 0 = -5*x + z + 5. Calculate the greatest common factor of h and x.
11
Let x be (-4)/(-10) - (-1492)/20. Let k = 42 + -27. Calculate the greatest common factor of k and x.
15
Suppose -4*j - 4 + 0 = 0. Let t(n) = n**2 - 1. Let g be t(j). Suppose g = 2*w - 4*w + 252. What is the greatest common factor of 18 and w?
18
Suppose -l + 5*q = l - 113, 0 = -5*l - 3*q + 329. Suppose 0*v - 5*v = 0. Let d be 0 + 8 + (0 - v). Calculate the greatest common factor of l and d.
8
Let g(u) = -u**2 + 4*u. Let i be g(3). Suppose 8*n = i*n + 595. Calculate the greatest common factor of 17 and n.
17
Let k(w) = w**2 + 10. Let l be k(0). What is the greatest common factor of l and 90?
10
Let i be (1 - -1)/2*1. Let h be (-6)/(2*i/(-6)). Calculate the greatest common factor of 45 and h.
9
Let u = 31 + -18. Calculate the greatest common divisor of u and 143.
13
Let m = 111 - 26. Calculate the greatest common factor of m and 17.
17
Let y = -2 + 5. Suppose 0 = -z - 8 + 35. What is the greatest common divisor of y and z?
3
Suppose -x + 3*w + 40 = -2*x, 5*x = 2*w - 217. Let a = x - -61. Calculate the greatest common divisor of a and 45.
9
Suppose -o - 31 = -2*v, 3*o = -v - 0*o + 5. What is the greatest common factor of v and 70?
14
Let z(f) = f**3 - 7*f**2 - 9*f + 2. Let t be z(8). Let a = 6 - 4. Let r = a - t. What is the greatest common factor of r and 20?
4
Suppose -3*x + 5*v - 13 = 0, 2*v + 4 - 6 = 2*x. Let p = 0 + x. Let a be (1 + -4 - 1)*-1. Calculate the greatest common divisor of p and a.
4
Suppose -80 = 6*w - 128. Let r = -1 + 1. Suppose q - 50 = 5*x, 5*q = -r*q + x + 202. What is the highest common divisor of w and q?
8
Let k(i) = -i**2 - 11*i - 6. Let y be k(-8). Suppose 0*h + y = 2*h. Calculate the greatest common factor of 63 and h.
9
Let y(l) = -l**2 + 1. Let z be y(1). Suppose -4*b + 5*d + 24 = 3*d, z = -3*b + 5*d + 32. What is the greatest common factor of 10 and b?
2
Let j = -71 + 107. What is the greatest common factor of j and 9?
9
Let r be -3*(-1 + 2 + 0). Let a(i) = i**3 + 4*i**2 + i - 4. Let s be a(r). Let t = s + 1. Calculate the highest common divisor of 21 and t.
3
Suppose -r - 72 = -3*r. Calculate the highest common divisor of r and 54.
18
Suppose -127 = -5*n + 4*c + 89, -c = 4. Calculate the highest common factor of 60 and n.
20
Let a = 20 - 12. What is the greatest common divisor of 72 and a?
8
Let t = 5 + 16. Let i be 1/(1 - t/24). What is the highest common factor of 8 and i?
8
Suppose 2*o + 3*x - 33 = 33, 4*x - 68 = -2*o. Suppose -12 = 4*v, -3*b - 3*v = -0*v - o. What is the greatest common divisor of b and 52?
13
Suppose -4*m + 3*z = -46, -22 - 16 = -4*m - z. What is the greatest common divisor of m and 5?
5
Let f(t) = t**3 